{"id":28866,"date":"2017-01-18T09:06:27","date_gmt":"2017-01-18T08:06:27","guid":{"rendered":"https:\/\/p395.ursynow.warszawa.pl\/?page_id=28866"},"modified":"2017-01-18T09:08:39","modified_gmt":"2017-01-18T08:08:39","slug":"regulamin","status":"publish","type":"page","link":"https:\/\/p395.ursynow.warszawa.pl\/index.php\/regulamin\/","title":{"rendered":"Regulamin"},"content":{"rendered":"<p style=\"text-align: justify;\"><span style=\"font-size: 12pt;\">W roku szkolnym 2016\/17 nasze przedszkole przyst\u0105pi\u0142o do projektu Towarzystwa Przyjaci\u00f3\u0142 Warszawy \u201eVarsavianistyczna szko\u0142a\u201d. Celem projektu jest upowszechnianie wiedzy o Warszawie \u2013 jej przesz\u0142o\u015bci <\/span><span style=\"font-size: 12pt;\">i tera\u017aniejszo\u015bci. Przez ca\u0142y rok szkolny 2016\/2017 dzieci b\u0119d\u0105 uczestniczy\u0142y w zaj\u0119ciach edukacyjnych, spotkaniach z ciekawymi postaciami zwi\u0105zanymi z Warszaw\u0105, wycieczkach, a tak\u017ce dzia\u0142aniach organizowanych na rzecz \u015brodowiska lokalnego. Regulamin projektu znajduje si\u0119 na stronie: <a href=\"http:\/\/www.tpw.org.pl\/files\/download\/Varsavianistyczna%20szkola\/Regulamin2016.pdf\">http:\/\/www.tpw.org.pl\/files\/download\/Varsavianistyczna%20szkola\/Regulamin2016.pdf<\/a>. <\/span><br \/>\n<span style=\"font-size: 12pt;\"> Je\u017celi przedszkole spe\u0142ni wszystkie wymagania zawarte z regulaminie\u00a0 uzyskamy certyfikat \u201eVarsavianistycznej szko\u0142y\u201d.<\/span><\/p>\n<p style=\"text-align: justify;\">\n<span style=\"font-size: 12pt;\"> Zach\u0119camy Rodzic\u00f3w do w\u0142\u0105czenia si\u0119 w realizacj\u0119 projektu poprzez pomoc w organizowaniu spotka\u0144 <\/span><span style=\"font-size: 12pt;\">z ciekawymi osobami zwi\u0105zanymi z Warszaw\u0105 , czy te\u017c wsp\u00f3lnym uczestnictwie wraz z dzie\u0107mi <\/span><span style=\"font-size: 12pt;\">w wydarzeniach organizowanych przez Towarzystwo Przyjaci\u00f3\u0142 Warszawy.\u00a0 Prosimy o dzielenie si\u0119 swoimi pomys\u0142ami z nauczycielkami grupy.\u00a0<\/span><\/p>\n","protected":false},"excerpt":{"rendered":"<p>W roku szkolnym 2016\/17 nasze przedszkole przyst\u0105pi\u0142o do projektu Towarzystwa Przyjaci\u00f3\u0142 Warszawy \u201eVarsavianistyczna szko\u0142a\u201d. Celem projektu jest upowszechnianie wiedzy o Warszawie \u2013 jej przesz\u0142o\u015bci i tera\u017aniejszo\u015bci. Przez ca\u0142y rok szkolny 2016\/2017 dzieci b\u0119d\u0105 uczestniczy\u0142y w zaj\u0119ciach edukacyjnych, spotkaniach z ciekawymi postaciami zwi\u0105zanymi z Warszaw\u0105, wycieczkach, a tak\u017ce dzia\u0142aniach organizowanych na rzecz \u015brodowiska lokalnego. Regulamin projektu&hellip;&nbsp;<a href=\"https:\/\/p395.ursynow.warszawa.pl\/index.php\/regulamin\/\" class=\"\" rel=\"bookmark\">Czytaj dalej &raquo;<span class=\"screen-reader-text\">Regulamin<\/span><\/a><\/p>\n","protected":false},"author":6,"featured_media":0,"parent":0,"menu_order":0,"comment_status":"closed","ping_status":"open","template":"","meta":{"neve_meta_sidebar":"","neve_meta_container":"","neve_meta_enable_content_width":"","neve_meta_content_width":0,"neve_meta_title_alignment":"","neve_meta_author_avatar":"","neve_post_elements_order":"","neve_meta_disable_header":"","neve_meta_disable_footer":"","neve_meta_disable_title":"","footnotes":""},"class_list":["post-28866","page","type-page","status-publish","hentry"],"yoast_head":"<!-- This site is optimized with the Yoast SEO plugin v27.4 - https:\/\/yoast.com\/product\/yoast-seo-wordpress\/ -->\n<title>Regulamin - Przedszkole nr 395<\/title>\n<meta name=\"robots\" content=\"index, follow, max-snippet:-1, max-image-preview:large, max-video-preview:-1\" \/>\n<link rel=\"canonical\" href=\"https:\/\/p395.ursynow.warszawa.pl\/index.php\/regulamin\/\" \/>\n<meta property=\"og:locale\" content=\"pl_PL\" \/>\n<meta property=\"og:type\" content=\"article\" \/>\n<meta property=\"og:title\" content=\"Regulamin - Przedszkole nr 395\" \/>\n<meta property=\"og:description\" content=\"W roku szkolnym 2016\/17 nasze przedszkole przyst\u0105pi\u0142o do projektu Towarzystwa Przyjaci\u00f3\u0142 Warszawy \u201eVarsavianistyczna szko\u0142a\u201d. Celem projektu jest upowszechnianie wiedzy o Warszawie \u2013 jej przesz\u0142o\u015bci i tera\u017aniejszo\u015bci. Przez ca\u0142y rok szkolny 2016\/2017 dzieci b\u0119d\u0105 uczestniczy\u0142y w zaj\u0119ciach edukacyjnych, spotkaniach z ciekawymi postaciami zwi\u0105zanymi z Warszaw\u0105, wycieczkach, a tak\u017ce dzia\u0142aniach organizowanych na rzecz \u015brodowiska lokalnego. Regulamin projektu&hellip;&nbsp;Czytaj dalej &raquo;Regulamin\" \/>\n<meta property=\"og:url\" content=\"https:\/\/p395.ursynow.warszawa.pl\/index.php\/regulamin\/\" \/>\n<meta property=\"og:site_name\" content=\"Przedszkole nr 395\" \/>\n<meta property=\"article:modified_time\" content=\"2017-01-18T08:08:39+00:00\" \/>\n<meta name=\"twitter:card\" content=\"summary_large_image\" \/>\n<meta name=\"twitter:label1\" content=\"Szacowany czas czytania\" \/>\n\t<meta name=\"twitter:data1\" content=\"1 minuta\" \/>\n<script type=\"application\/ld+json\" class=\"yoast-schema-graph\">{\"@context\":\"https:\\\/\\\/schema.org\",\"@graph\":[{\"@type\":\"WebPage\",\"@id\":\"https:\\\/\\\/p395.ursynow.warszawa.pl\\\/index.php\\\/regulamin\\\/\",\"url\":\"https:\\\/\\\/p395.ursynow.warszawa.pl\\\/index.php\\\/regulamin\\\/\",\"name\":\"Regulamin - Przedszkole nr 395\",\"isPartOf\":{\"@id\":\"https:\\\/\\\/p395.ursynow.warszawa.pl\\\/#website\"},\"datePublished\":\"2017-01-18T08:06:27+00:00\",\"dateModified\":\"2017-01-18T08:08:39+00:00\",\"breadcrumb\":{\"@id\":\"https:\\\/\\\/p395.ursynow.warszawa.pl\\\/index.php\\\/regulamin\\\/#breadcrumb\"},\"inLanguage\":\"pl-PL\",\"potentialAction\":[{\"@type\":\"ReadAction\",\"target\":[\"https:\\\/\\\/p395.ursynow.warszawa.pl\\\/index.php\\\/regulamin\\\/\"]}]},{\"@type\":\"BreadcrumbList\",\"@id\":\"https:\\\/\\\/p395.ursynow.warszawa.pl\\\/index.php\\\/regulamin\\\/#breadcrumb\",\"itemListElement\":[{\"@type\":\"ListItem\",\"position\":1,\"name\":\"Strona g\u0142\u00f3wna\",\"item\":\"https:\\\/\\\/p395.ursynow.warszawa.pl\\\/\"},{\"@type\":\"ListItem\",\"position\":2,\"name\":\"Regulamin\"}]},{\"@type\":\"WebSite\",\"@id\":\"https:\\\/\\\/p395.ursynow.warszawa.pl\\\/#website\",\"url\":\"https:\\\/\\\/p395.ursynow.warszawa.pl\\\/\",\"name\":\"Przedszkole nr 395\",\"description\":\"Przedszkole 395\",\"potentialAction\":[{\"@type\":\"SearchAction\",\"target\":{\"@type\":\"EntryPoint\",\"urlTemplate\":\"https:\\\/\\\/p395.ursynow.warszawa.pl\\\/?s={search_term_string}\"},\"query-input\":{\"@type\":\"PropertyValueSpecification\",\"valueRequired\":true,\"valueName\":\"search_term_string\"}}],\"inLanguage\":\"pl-PL\"}]}<\/script>\n<!-- \/ Yoast SEO plugin. -->","yoast_head_json":{"title":"Regulamin - Przedszkole nr 395","robots":{"index":"index","follow":"follow","max-snippet":"max-snippet:-1","max-image-preview":"max-image-preview:large","max-video-preview":"max-video-preview:-1"},"canonical":"https:\/\/p395.ursynow.warszawa.pl\/index.php\/regulamin\/","og_locale":"pl_PL","og_type":"article","og_title":"Regulamin - Przedszkole nr 395","og_description":"W roku szkolnym 2016\/17 nasze przedszkole przyst\u0105pi\u0142o do projektu Towarzystwa Przyjaci\u00f3\u0142 Warszawy \u201eVarsavianistyczna szko\u0142a\u201d. Celem projektu jest upowszechnianie wiedzy o Warszawie \u2013 jej przesz\u0142o\u015bci i tera\u017aniejszo\u015bci. Przez ca\u0142y rok szkolny 2016\/2017 dzieci b\u0119d\u0105 uczestniczy\u0142y w zaj\u0119ciach edukacyjnych, spotkaniach z ciekawymi postaciami zwi\u0105zanymi z Warszaw\u0105, wycieczkach, a tak\u017ce dzia\u0142aniach organizowanych na rzecz \u015brodowiska lokalnego. Regulamin projektu&hellip;&nbsp;Czytaj dalej &raquo;Regulamin","og_url":"https:\/\/p395.ursynow.warszawa.pl\/index.php\/regulamin\/","og_site_name":"Przedszkole nr 395","article_modified_time":"2017-01-18T08:08:39+00:00","twitter_card":"summary_large_image","twitter_misc":{"Szacowany czas czytania":"1 minuta"},"schema":{"@context":"https:\/\/schema.org","@graph":[{"@type":"WebPage","@id":"https:\/\/p395.ursynow.warszawa.pl\/index.php\/regulamin\/","url":"https:\/\/p395.ursynow.warszawa.pl\/index.php\/regulamin\/","name":"Regulamin - Przedszkole nr 395","isPartOf":{"@id":"https:\/\/p395.ursynow.warszawa.pl\/#website"},"datePublished":"2017-01-18T08:06:27+00:00","dateModified":"2017-01-18T08:08:39+00:00","breadcrumb":{"@id":"https:\/\/p395.ursynow.warszawa.pl\/index.php\/regulamin\/#breadcrumb"},"inLanguage":"pl-PL","potentialAction":[{"@type":"ReadAction","target":["https:\/\/p395.ursynow.warszawa.pl\/index.php\/regulamin\/"]}]},{"@type":"BreadcrumbList","@id":"https:\/\/p395.ursynow.warszawa.pl\/index.php\/regulamin\/#breadcrumb","itemListElement":[{"@type":"ListItem","position":1,"name":"Strona g\u0142\u00f3wna","item":"https:\/\/p395.ursynow.warszawa.pl\/"},{"@type":"ListItem","position":2,"name":"Regulamin"}]},{"@type":"WebSite","@id":"https:\/\/p395.ursynow.warszawa.pl\/#website","url":"https:\/\/p395.ursynow.warszawa.pl\/","name":"Przedszkole nr 395","description":"Przedszkole 395","potentialAction":[{"@type":"SearchAction","target":{"@type":"EntryPoint","urlTemplate":"https:\/\/p395.ursynow.warszawa.pl\/?s={search_term_string}"},"query-input":{"@type":"PropertyValueSpecification","valueRequired":true,"valueName":"search_term_string"}}],"inLanguage":"pl-PL"}]}},"_links":{"self":[{"href":"https:\/\/p395.ursynow.warszawa.pl\/index.php\/wp-json\/wp\/v2\/pages\/28866","targetHints":{"allow":["GET"]}}],"collection":[{"href":"https:\/\/p395.ursynow.warszawa.pl\/index.php\/wp-json\/wp\/v2\/pages"}],"about":[{"href":"https:\/\/p395.ursynow.warszawa.pl\/index.php\/wp-json\/wp\/v2\/types\/page"}],"author":[{"embeddable":true,"href":"https:\/\/p395.ursynow.warszawa.pl\/index.php\/wp-json\/wp\/v2\/users\/6"}],"replies":[{"embeddable":true,"href":"https:\/\/p395.ursynow.warszawa.pl\/index.php\/wp-json\/wp\/v2\/comments?post=28866"}],"version-history":[{"count":4,"href":"https:\/\/p395.ursynow.warszawa.pl\/index.php\/wp-json\/wp\/v2\/pages\/28866\/revisions"}],"predecessor-version":[{"id":28870,"href":"https:\/\/p395.ursynow.warszawa.pl\/index.php\/wp-json\/wp\/v2\/pages\/28866\/revisions\/28870"}],"wp:attachment":[{"href":"https:\/\/p395.ursynow.warszawa.pl\/index.php\/wp-json\/wp\/v2\/media?parent=28866"}],"curies":[{"name":"wp","href":"https:\/\/api.w.org\/{rel}","templated":true}]}}