{"id":34919,"date":"2019-11-19T13:13:38","date_gmt":"2019-11-19T12:13:38","guid":{"rendered":"https:\/\/p395.ursynow.warszawa.pl\/?page_id=34919"},"modified":"2022-10-21T08:54:03","modified_gmt":"2022-10-21T06:54:03","slug":"grupa-x-zajaczki-szarusie","status":"publish","type":"page","link":"https:\/\/p395.ursynow.warszawa.pl\/index.php\/grupa-x-zajaczki-szarusie\/","title":{"rendered":"Grupa X &#8211; Zaj\u0105czki Szarusie"},"content":{"rendered":"<p>To my &#8211; grupa X, czyli \u201eZaj\u0105czki Szarusie\u201d, jedni z podopiecznych patronki naszego przedszkola Barbary Lewandowskiej. Tak jak \u201eZaj\u0105czek Szaru\u015b\u201d bywamy psotnikami, jeste\u015bmy te\u017c zgran\u0105 i weso\u0142\u0105 grup\u0105. W sali sp\u0119dzamy czas w\u015br\u00f3d k\u0105cik\u00f3w tematycznych, z kt\u00f3rych na co dzie\u0144 czerpiemy.<\/p>\n<p>W tym roku realizujemy ciekawe projekty, takie jak \u201eEdukacja medialna\u201d- zapoznajemy si\u0119 z technik\u0105, uczymy si\u0119 bezpiecznie korzysta\u0107 z urz\u0105dze\u0144 multimedialnych. Projekt \u201eZabawa sztuk\u0105\u201d rozwija w nas kreatywno\u015b\u0107, pozwala my\u015ble\u0107 nieszablonowo, bawi\u0107 si\u0119 sztuk\u0105. A jeste\u015bmy bardzo kreatywni! Dzi\u0119ki projektowi \u201eBajki Pomagajki\u201d mamy kontakt z literatur\u0105, rozmawiamy o emocjach, poruszamy wa\u017cne tematy, kt\u00f3re nas dotycz\u0105. Podczas codziennych zaj\u0119\u0107 rozwijamy wszechstronnie j\u0119zyk angielski, kt\u00f3ry bardzo lubimy i chcemy jeszcze lepiej pozna\u0107, dzi\u0119ki rozmaitym pomocom dydaktycznym i zaanga\u017cowaniu naszej Pani. Tworzymy wsp\u00f3lnie album pt. \u201eMoje ulubione miejsca w Polsce\u201d, aby lepiej poznawa\u0107 nasz kraj i r\u00f3wie\u015bnik\u00f3w. W naszej grupie wykonali\u015bmy \u201ePude\u0142ko dobrych uczynk\u00f3w\u201d, kt\u00f3re \u201edokarmiamy\u201d ilustracjami z dobrymi uczynkami, wsp\u00f3lnie omawiamy, a to uczy nas empatii i szacunku w stosunku do innych. Posiadamy w sali dobrze zaopatrzon\u0105 biblioteczk\u0119, z kt\u00f3rej cz\u0119sto korzystamy, sami te\u017c lubimy przynosi\u0107 ciekawe ksi\u0105\u017cki. Uwa\u017cnie s\u0142uchamy, gdy panie nam czytaj\u0105, przegl\u0105damy strony z ilustracjami, dokonujemy pr\u00f3by samodzielnego czytania oraz wypo\u017cyczamy ksi\u0105\u017cki do domu. B\u0119dziemy tak\u017ce w tym roku ucz\u0119szcza\u0107 na zaj\u0119cia biblioteczne. Podobnie jak w ubieg\u0142ych latach uczestniczymy w akcjach humanitarnych, tj. ,,Pola Nadziei\u201d, ,,Dzie\u0144 Chorego\u201d- na rzecz hospicjum oraz zbi\u00f3rce karmy i artyku\u0142\u00f3w dla zwierz\u0105t ze schroniska. Przed nami spotkania z cyklu \u201eRodzic Ekspert\u201d czy \u201eCa\u0142a Polska czyta dzieciom\u201d, \u00a0\u00a0\u00a0\u00a0\u00a0\u00a0\u00a0\u00a0\u00a0\u00a0\u00a0\u00a0\u00a0\u00a0 do kt\u00f3rych serdecznie zach\u0119camy rodzic\u00f3w. W naszej sali mamy te\u017c rozmaite pomoce np. plansze \u00a0do nauki kodowania, gry planszowe, szachy, monografie liter &#8211; bo przecie\u017c jeste\u015bmy sze\u015bciolatkami i nied\u0142ugo wybieramy si\u0119 do szko\u0142y! Ponadto codziennie \u015bpiewamy, bo lubimy to robi\u0107, gimnastykujemy si\u0119, by poprawi\u0107 nasz\u0105 kondycj\u0119 fizyczn\u0105, a poza tym, chcemy by\u0107 zdrowi. Jednak to, co jest dla nas najwa\u017cniejsze przez te wszystkie lata sp\u0119dzone w przedszkolu, to mo\u017cliwo\u015b\u0107 wsp\u00f3lnych zabaw z r\u00f3wie\u015bnikami, poznawania siebie nawzajem. Jeste\u015bmy pewni, \u017ce ten ostatni rok w przedszkolu przyniesie nam jeszcze wiele ciekawych i niezapomnianych chwil.<\/p>\n<p>\u00a0<\/p>\n\n\n<figure class=\"wp-block-gallery has-nested-images columns-default is-cropped wp-block-gallery-1 is-layout-flex wp-block-gallery-is-layout-flex\">\n<figure class=\"wp-block-image size-large\"><img fetchpriority=\"high\" decoding=\"async\" width=\"600\" height=\"709\" data-id=\"37903\" src=\"https:\/\/p395.ursynow.warszawa.pl\/wp-content\/uploads\/2022\/10\/Gr-X-a.jpg\" alt=\"\" class=\"wp-image-37903\" srcset=\"https:\/\/p395.ursynow.warszawa.pl\/wp-content\/uploads\/2022\/10\/Gr-X-a.jpg 600w, https:\/\/p395.ursynow.warszawa.pl\/wp-content\/uploads\/2022\/10\/Gr-X-a-254x300.jpg 254w\" sizes=\"(max-width: 600px) 100vw, 600px\" \/><\/figure>\n\n\n\n<figure class=\"wp-block-image size-large\"><img decoding=\"async\" width=\"600\" height=\"800\" data-id=\"37904\" src=\"https:\/\/p395.ursynow.warszawa.pl\/wp-content\/uploads\/2022\/10\/Gr-X-b.jpg\" alt=\"\" class=\"wp-image-37904\" srcset=\"https:\/\/p395.ursynow.warszawa.pl\/wp-content\/uploads\/2022\/10\/Gr-X-b.jpg 600w, https:\/\/p395.ursynow.warszawa.pl\/wp-content\/uploads\/2022\/10\/Gr-X-b-225x300.jpg 225w\" sizes=\"(max-width: 600px) 100vw, 600px\" \/><\/figure>\n\n\n\n<figure class=\"wp-block-image size-large\"><img decoding=\"async\" width=\"600\" height=\"800\" data-id=\"37905\" src=\"https:\/\/p395.ursynow.warszawa.pl\/wp-content\/uploads\/2022\/10\/Gr-X-c.jpg\" alt=\"\" class=\"wp-image-37905\" srcset=\"https:\/\/p395.ursynow.warszawa.pl\/wp-content\/uploads\/2022\/10\/Gr-X-c.jpg 600w, https:\/\/p395.ursynow.warszawa.pl\/wp-content\/uploads\/2022\/10\/Gr-X-c-225x300.jpg 225w\" sizes=\"(max-width: 600px) 100vw, 600px\" \/><\/figure>\n<\/figure>\n","protected":false},"excerpt":{"rendered":"<p>To my &#8211; grupa X, czyli \u201eZaj\u0105czki Szarusie\u201d, jedni z podopiecznych patronki naszego przedszkola Barbary Lewandowskiej. Tak jak \u201eZaj\u0105czek Szaru\u015b\u201d bywamy psotnikami, jeste\u015bmy te\u017c zgran\u0105 i weso\u0142\u0105 grup\u0105. W sali sp\u0119dzamy czas w\u015br\u00f3d k\u0105cik\u00f3w tematycznych, z kt\u00f3rych na co dzie\u0144 czerpiemy. W tym roku realizujemy ciekawe projekty, takie jak \u201eEdukacja medialna\u201d- zapoznajemy si\u0119 z technik\u0105,&hellip;&nbsp;<a href=\"https:\/\/p395.ursynow.warszawa.pl\/index.php\/grupa-x-zajaczki-szarusie\/\" class=\"\" rel=\"bookmark\">Czytaj dalej &raquo;<span class=\"screen-reader-text\">Grupa X &#8211; Zaj\u0105czki Szarusie<\/span><\/a><\/p>\n","protected":false},"author":6,"featured_media":0,"parent":0,"menu_order":0,"comment_status":"closed","ping_status":"closed","template":"","meta":{"neve_meta_sidebar":"","neve_meta_container":"","neve_meta_enable_content_width":"","neve_meta_content_width":0,"neve_meta_title_alignment":"","neve_meta_author_avatar":"","neve_post_elements_order":"","neve_meta_disable_header":"","neve_meta_disable_footer":"","neve_meta_disable_title":"","footnotes":""},"class_list":["post-34919","page","type-page","status-publish","hentry"],"yoast_head":"<!-- This site is optimized with the Yoast SEO plugin v27.4 - https:\/\/yoast.com\/product\/yoast-seo-wordpress\/ -->\n<title>Grupa X - Zaj\u0105czki Szarusie - Przedszkole nr 395<\/title>\n<meta name=\"robots\" content=\"index, follow, max-snippet:-1, max-image-preview:large, max-video-preview:-1\" \/>\n<link rel=\"canonical\" href=\"https:\/\/p395.ursynow.warszawa.pl\/index.php\/grupa-x-zajaczki-szarusie\/\" \/>\n<meta property=\"og:locale\" content=\"pl_PL\" \/>\n<meta property=\"og:type\" content=\"article\" \/>\n<meta property=\"og:title\" content=\"Grupa X - Zaj\u0105czki Szarusie - Przedszkole nr 395\" \/>\n<meta property=\"og:description\" content=\"To my &#8211; grupa X, czyli \u201eZaj\u0105czki Szarusie\u201d, jedni z podopiecznych patronki naszego przedszkola Barbary Lewandowskiej. Tak jak \u201eZaj\u0105czek Szaru\u015b\u201d bywamy psotnikami, jeste\u015bmy te\u017c zgran\u0105 i weso\u0142\u0105 grup\u0105. W sali sp\u0119dzamy czas w\u015br\u00f3d k\u0105cik\u00f3w tematycznych, z kt\u00f3rych na co dzie\u0144 czerpiemy. W tym roku realizujemy ciekawe projekty, takie jak \u201eEdukacja medialna\u201d- zapoznajemy si\u0119 z technik\u0105,&hellip;&nbsp;Czytaj dalej &raquo;Grupa X &#8211; Zaj\u0105czki Szarusie\" \/>\n<meta property=\"og:url\" content=\"https:\/\/p395.ursynow.warszawa.pl\/index.php\/grupa-x-zajaczki-szarusie\/\" \/>\n<meta property=\"og:site_name\" content=\"Przedszkole nr 395\" \/>\n<meta property=\"article:modified_time\" content=\"2022-10-21T06:54:03+00:00\" \/>\n<meta property=\"og:image\" content=\"https:\/\/p395.ursynow.warszawa.pl\/wp-content\/uploads\/2022\/10\/Gr-X-a.jpg\" \/>\n<meta name=\"twitter:card\" content=\"summary_large_image\" \/>\n<meta name=\"twitter:label1\" content=\"Szacowany czas czytania\" \/>\n\t<meta name=\"twitter:data1\" content=\"3 minuty\" \/>\n<script type=\"application\/ld+json\" class=\"yoast-schema-graph\">{\"@context\":\"https:\\\/\\\/schema.org\",\"@graph\":[{\"@type\":\"WebPage\",\"@id\":\"https:\\\/\\\/p395.ursynow.warszawa.pl\\\/index.php\\\/grupa-x-zajaczki-szarusie\\\/\",\"url\":\"https:\\\/\\\/p395.ursynow.warszawa.pl\\\/index.php\\\/grupa-x-zajaczki-szarusie\\\/\",\"name\":\"Grupa X - Zaj\u0105czki Szarusie - Przedszkole nr 395\",\"isPartOf\":{\"@id\":\"https:\\\/\\\/p395.ursynow.warszawa.pl\\\/#website\"},\"primaryImageOfPage\":{\"@id\":\"https:\\\/\\\/p395.ursynow.warszawa.pl\\\/index.php\\\/grupa-x-zajaczki-szarusie\\\/#primaryimage\"},\"image\":{\"@id\":\"https:\\\/\\\/p395.ursynow.warszawa.pl\\\/index.php\\\/grupa-x-zajaczki-szarusie\\\/#primaryimage\"},\"thumbnailUrl\":\"https:\\\/\\\/p395.ursynow.warszawa.pl\\\/wp-content\\\/uploads\\\/2022\\\/10\\\/Gr-X-a.jpg\",\"datePublished\":\"2019-11-19T12:13:38+00:00\",\"dateModified\":\"2022-10-21T06:54:03+00:00\",\"breadcrumb\":{\"@id\":\"https:\\\/\\\/p395.ursynow.warszawa.pl\\\/index.php\\\/grupa-x-zajaczki-szarusie\\\/#breadcrumb\"},\"inLanguage\":\"pl-PL\",\"potentialAction\":[{\"@type\":\"ReadAction\",\"target\":[\"https:\\\/\\\/p395.ursynow.warszawa.pl\\\/index.php\\\/grupa-x-zajaczki-szarusie\\\/\"]}]},{\"@type\":\"ImageObject\",\"inLanguage\":\"pl-PL\",\"@id\":\"https:\\\/\\\/p395.ursynow.warszawa.pl\\\/index.php\\\/grupa-x-zajaczki-szarusie\\\/#primaryimage\",\"url\":\"https:\\\/\\\/p395.ursynow.warszawa.pl\\\/wp-content\\\/uploads\\\/2022\\\/10\\\/Gr-X-a.jpg\",\"contentUrl\":\"https:\\\/\\\/p395.ursynow.warszawa.pl\\\/wp-content\\\/uploads\\\/2022\\\/10\\\/Gr-X-a.jpg\",\"width\":600,\"height\":709},{\"@type\":\"BreadcrumbList\",\"@id\":\"https:\\\/\\\/p395.ursynow.warszawa.pl\\\/index.php\\\/grupa-x-zajaczki-szarusie\\\/#breadcrumb\",\"itemListElement\":[{\"@type\":\"ListItem\",\"position\":1,\"name\":\"Strona g\u0142\u00f3wna\",\"item\":\"https:\\\/\\\/p395.ursynow.warszawa.pl\\\/\"},{\"@type\":\"ListItem\",\"position\":2,\"name\":\"Grupa X &#8211; Zaj\u0105czki Szarusie\"}]},{\"@type\":\"WebSite\",\"@id\":\"https:\\\/\\\/p395.ursynow.warszawa.pl\\\/#website\",\"url\":\"https:\\\/\\\/p395.ursynow.warszawa.pl\\\/\",\"name\":\"Przedszkole nr 395\",\"description\":\"Przedszkole 395\",\"potentialAction\":[{\"@type\":\"SearchAction\",\"target\":{\"@type\":\"EntryPoint\",\"urlTemplate\":\"https:\\\/\\\/p395.ursynow.warszawa.pl\\\/?s={search_term_string}\"},\"query-input\":{\"@type\":\"PropertyValueSpecification\",\"valueRequired\":true,\"valueName\":\"search_term_string\"}}],\"inLanguage\":\"pl-PL\"}]}<\/script>\n<!-- \/ Yoast SEO plugin. -->","yoast_head_json":{"title":"Grupa X - Zaj\u0105czki Szarusie - Przedszkole nr 395","robots":{"index":"index","follow":"follow","max-snippet":"max-snippet:-1","max-image-preview":"max-image-preview:large","max-video-preview":"max-video-preview:-1"},"canonical":"https:\/\/p395.ursynow.warszawa.pl\/index.php\/grupa-x-zajaczki-szarusie\/","og_locale":"pl_PL","og_type":"article","og_title":"Grupa X - Zaj\u0105czki Szarusie - Przedszkole nr 395","og_description":"To my &#8211; grupa X, czyli \u201eZaj\u0105czki Szarusie\u201d, jedni z podopiecznych patronki naszego przedszkola Barbary Lewandowskiej. Tak jak \u201eZaj\u0105czek Szaru\u015b\u201d bywamy psotnikami, jeste\u015bmy te\u017c zgran\u0105 i weso\u0142\u0105 grup\u0105. W sali sp\u0119dzamy czas w\u015br\u00f3d k\u0105cik\u00f3w tematycznych, z kt\u00f3rych na co dzie\u0144 czerpiemy. W tym roku realizujemy ciekawe projekty, takie jak \u201eEdukacja medialna\u201d- zapoznajemy si\u0119 z technik\u0105,&hellip;&nbsp;Czytaj dalej &raquo;Grupa X &#8211; Zaj\u0105czki Szarusie","og_url":"https:\/\/p395.ursynow.warszawa.pl\/index.php\/grupa-x-zajaczki-szarusie\/","og_site_name":"Przedszkole nr 395","article_modified_time":"2022-10-21T06:54:03+00:00","og_image":[{"url":"https:\/\/p395.ursynow.warszawa.pl\/wp-content\/uploads\/2022\/10\/Gr-X-a.jpg","type":"","width":"","height":""}],"twitter_card":"summary_large_image","twitter_misc":{"Szacowany czas czytania":"3 minuty"},"schema":{"@context":"https:\/\/schema.org","@graph":[{"@type":"WebPage","@id":"https:\/\/p395.ursynow.warszawa.pl\/index.php\/grupa-x-zajaczki-szarusie\/","url":"https:\/\/p395.ursynow.warszawa.pl\/index.php\/grupa-x-zajaczki-szarusie\/","name":"Grupa X - Zaj\u0105czki Szarusie - Przedszkole nr 395","isPartOf":{"@id":"https:\/\/p395.ursynow.warszawa.pl\/#website"},"primaryImageOfPage":{"@id":"https:\/\/p395.ursynow.warszawa.pl\/index.php\/grupa-x-zajaczki-szarusie\/#primaryimage"},"image":{"@id":"https:\/\/p395.ursynow.warszawa.pl\/index.php\/grupa-x-zajaczki-szarusie\/#primaryimage"},"thumbnailUrl":"https:\/\/p395.ursynow.warszawa.pl\/wp-content\/uploads\/2022\/10\/Gr-X-a.jpg","datePublished":"2019-11-19T12:13:38+00:00","dateModified":"2022-10-21T06:54:03+00:00","breadcrumb":{"@id":"https:\/\/p395.ursynow.warszawa.pl\/index.php\/grupa-x-zajaczki-szarusie\/#breadcrumb"},"inLanguage":"pl-PL","potentialAction":[{"@type":"ReadAction","target":["https:\/\/p395.ursynow.warszawa.pl\/index.php\/grupa-x-zajaczki-szarusie\/"]}]},{"@type":"ImageObject","inLanguage":"pl-PL","@id":"https:\/\/p395.ursynow.warszawa.pl\/index.php\/grupa-x-zajaczki-szarusie\/#primaryimage","url":"https:\/\/p395.ursynow.warszawa.pl\/wp-content\/uploads\/2022\/10\/Gr-X-a.jpg","contentUrl":"https:\/\/p395.ursynow.warszawa.pl\/wp-content\/uploads\/2022\/10\/Gr-X-a.jpg","width":600,"height":709},{"@type":"BreadcrumbList","@id":"https:\/\/p395.ursynow.warszawa.pl\/index.php\/grupa-x-zajaczki-szarusie\/#breadcrumb","itemListElement":[{"@type":"ListItem","position":1,"name":"Strona g\u0142\u00f3wna","item":"https:\/\/p395.ursynow.warszawa.pl\/"},{"@type":"ListItem","position":2,"name":"Grupa X &#8211; Zaj\u0105czki Szarusie"}]},{"@type":"WebSite","@id":"https:\/\/p395.ursynow.warszawa.pl\/#website","url":"https:\/\/p395.ursynow.warszawa.pl\/","name":"Przedszkole nr 395","description":"Przedszkole 395","potentialAction":[{"@type":"SearchAction","target":{"@type":"EntryPoint","urlTemplate":"https:\/\/p395.ursynow.warszawa.pl\/?s={search_term_string}"},"query-input":{"@type":"PropertyValueSpecification","valueRequired":true,"valueName":"search_term_string"}}],"inLanguage":"pl-PL"}]}},"_links":{"self":[{"href":"https:\/\/p395.ursynow.warszawa.pl\/index.php\/wp-json\/wp\/v2\/pages\/34919","targetHints":{"allow":["GET"]}}],"collection":[{"href":"https:\/\/p395.ursynow.warszawa.pl\/index.php\/wp-json\/wp\/v2\/pages"}],"about":[{"href":"https:\/\/p395.ursynow.warszawa.pl\/index.php\/wp-json\/wp\/v2\/types\/page"}],"author":[{"embeddable":true,"href":"https:\/\/p395.ursynow.warszawa.pl\/index.php\/wp-json\/wp\/v2\/users\/6"}],"replies":[{"embeddable":true,"href":"https:\/\/p395.ursynow.warszawa.pl\/index.php\/wp-json\/wp\/v2\/comments?post=34919"}],"version-history":[{"count":4,"href":"https:\/\/p395.ursynow.warszawa.pl\/index.php\/wp-json\/wp\/v2\/pages\/34919\/revisions"}],"predecessor-version":[{"id":37913,"href":"https:\/\/p395.ursynow.warszawa.pl\/index.php\/wp-json\/wp\/v2\/pages\/34919\/revisions\/37913"}],"wp:attachment":[{"href":"https:\/\/p395.ursynow.warszawa.pl\/index.php\/wp-json\/wp\/v2\/media?parent=34919"}],"curies":[{"name":"wp","href":"https:\/\/api.w.org\/{rel}","templated":true}]}}